{"id":1920,"date":"2016-08-20T12:02:57","date_gmt":"2016-08-20T11:02:57","guid":{"rendered":"https:\/\/artm-fr.ch\/?post_type=te_announcements&#038;p=1920"},"modified":"2016-08-26T19:52:07","modified_gmt":"2016-08-26T18:52:07","slug":"1947-2","status":"publish","type":"te_announcements","link":"https:\/\/artm-fr.ch\/de\/announcement\/1947-2\/","title":{"rendered":"1947"},"content":{"rendered":"<h2>Fondation de la sous-section &#8222;Gruy\u00e8re\/Veveyse&#8220;<!--more--><\/h2>\n<p>La sous-section de la Gruy\u00e8re-Veveyse a \u00e9t\u00e9 officiellement fond\u00e9e lors de l&#8217;assembl\u00e9e constitutive du 19 juillet 1947, mais ses premi\u00e8res r\u00e9unions datent de 1946.<\/p>\n<p>&nbsp;<\/p>\n<p><em>Retrouvez plus d&#8217;informations sur cet \u00e9v\u00e9nement dans le livre du 50\u00e8me anniversaire de l&#8217;ARTM Fribourg, disponible sur la page <a href=\"https:\/\/artm-fr.ch\/histoire\/\">Histoire<\/a>.<\/em><\/p>\n","protected":false},"parent":0,"template":"","class_list":["post-1920","te_announcements","type-te_announcements","status-publish","hentry"],"announcement_date":"Announcement Date: 19. Juli 1947","announcement_image":{"iframe":false,"url":"https:\/\/artm-fr.ch\/wp-content\/uploads\/2016\/08\/wsi-imageoptim-Capture-d\u2019\u00e9cran-2016-08-21-\u00e0-12.28.17.png"},"_links":{"self":[{"href":"https:\/\/artm-fr.ch\/de\/wp-json\/wp\/v2\/announcement\/1920","targetHints":{"allow":["GET"]}}],"collection":[{"href":"https:\/\/artm-fr.ch\/de\/wp-json\/wp\/v2\/announcement"}],"about":[{"href":"https:\/\/artm-fr.ch\/de\/wp-json\/wp\/v2\/types\/te_announcements"}],"wp:attachment":[{"href":"https:\/\/artm-fr.ch\/de\/wp-json\/wp\/v2\/media?parent=1920"}],"curies":[{"name":"wp","href":"https:\/\/api.w.org\/{rel}","templated":true}]}}

<h2>Fondation de la sous-section &#8222;Gruyère/Veveyse&#8220;<!--more--></h2>
<p>La sous-section de la Gruyère-Veveyse a été officiellement fondée lors de l&#8217;assemblée constitutive du 19 juillet 1947, mais ses premières réunions datent de 1946.</p>
<p>&nbsp;</p>
<p><em>Retrouvez plus d&#8217;informations sur cet événement dans le livre du 50ème anniversaire de l&#8217;ARTM Fribourg, disponible sur la page <a href="https://artm-fr.ch/histoire/">Histoire</a>.</em></p>

https://artm-fr.ch/wp-content/uploads/2016/08/wsi-imageoptim-Capture-d’écran-2016-08-21-à-12.28.17.png
