{"id":1921,"date":"2016-08-20T12:04:12","date_gmt":"2016-08-20T11:04:12","guid":{"rendered":"https:\/\/artm-fr.ch\/?post_type=te_announcements&#038;p=1921"},"modified":"2016-08-26T19:53:49","modified_gmt":"2016-08-26T18:53:49","slug":"1951-3","status":"publish","type":"te_announcements","link":"https:\/\/artm-fr.ch\/de\/announcement\/1951-3\/","title":{"rendered":"1951"},"content":{"rendered":"<h2>Fondation de la sous-section &#8222;Singine&#8220;<\/h2>\n<p><!--more--><\/p>\n<p>&nbsp;<\/p>\n<p><em>Retrouvez plus d&#8217;informations sur cet \u00e9v\u00e9nement dans le livre du 50\u00e8me anniversaire de l&#8217;ARTM Fribourg, disponible sur la page\u00a0<a href=\"https:\/\/artm-fr.ch\/histoire\/\">Histoire<\/a>.<\/em><\/p>\n","protected":false},"parent":0,"template":"","class_list":["post-1921","te_announcements","type-te_announcements","status-publish","hentry"],"announcement_date":"Announcement Date: 9. September 1951","announcement_image":{"iframe":false,"url":"https:\/\/artm-fr.ch\/wp-content\/uploads\/2016\/08\/wsi-imageoptim-Capture-d\u2019\u00e9cran-2016-08-21-\u00e0-12.30.31.png"},"_links":{"self":[{"href":"https:\/\/artm-fr.ch\/de\/wp-json\/wp\/v2\/announcement\/1921","targetHints":{"allow":["GET"]}}],"collection":[{"href":"https:\/\/artm-fr.ch\/de\/wp-json\/wp\/v2\/announcement"}],"about":[{"href":"https:\/\/artm-fr.ch\/de\/wp-json\/wp\/v2\/types\/te_announcements"}],"wp:attachment":[{"href":"https:\/\/artm-fr.ch\/de\/wp-json\/wp\/v2\/media?parent=1921"}],"curies":[{"name":"wp","href":"https:\/\/api.w.org\/{rel}","templated":true}]}}

<h2>Fondation de la sous-section &#8222;Singine&#8220;</h2>
<p><!--more--></p>
<p>&nbsp;</p>
<p><em>Retrouvez plus d&#8217;informations sur cet événement dans le livre du 50ème anniversaire de l&#8217;ARTM Fribourg, disponible sur la page <a href="https://artm-fr.ch/histoire/">Histoire</a>.</em></p>

https://artm-fr.ch/wp-content/uploads/2016/08/wsi-imageoptim-Capture-d’écran-2016-08-21-à-12.30.31.png
