{"id":1923,"date":"2016-08-20T12:05:26","date_gmt":"2016-08-20T11:05:26","guid":{"rendered":"https:\/\/artm-fr.ch\/?post_type=te_announcements&#038;p=1923"},"modified":"2016-08-26T19:53:27","modified_gmt":"2016-08-26T18:53:27","slug":"1958-2","status":"publish","type":"te_announcements","link":"https:\/\/artm-fr.ch\/de\/announcement\/1958-2\/","title":{"rendered":"1958"},"content":{"rendered":"<h2>Fondation de la sous-section &#8222;Broye&#8220;<\/h2>\n<p><!--more--><\/p>\n<p>La premi\u00e8re amicale des chauffeurs de la Broye a \u00e9t\u00e9 fond\u00e9e en 1944. Elle \u00e9tait alors situ\u00e9e entre les organisations vaudoises et fribourgeoise. C&#8217;est au d\u00e9but de l&#8217;hiver 1957 que se forma le comit\u00e9 de ce qui deviendra quelque mois plus tard la sous-section Broye de l&#8217;ARTM Fribourg, suite \u00e0 la d\u00e9cision du comit\u00e9 Romand de dissoudre l&#8217;amicale vaudoise.<\/p>\n<p>&nbsp;<\/p>\n<p><em>Retrouvez plus d&#8217;informations sur cet \u00e9v\u00e9nement dans le livre du 50\u00e8me anniversaire de l&#8217;ARTM Fribourg, disponible sur la page\u00a0<a href=\"https:\/\/artm-fr.ch\/histoire\/\">Histoire<\/a>.<\/em><\/p>\n","protected":false},"parent":0,"template":"","class_list":["post-1923","te_announcements","type-te_announcements","status-publish","hentry"],"announcement_date":"Announcement Date: 1. Januar 1958","announcement_image":{"iframe":false,"url":"https:\/\/artm-fr.ch\/wp-content\/uploads\/2016\/08\/wsi-imageoptim-Capture-d\u2019\u00e9cran-2016-08-21-\u00e0-12.33.06.png"},"_links":{"self":[{"href":"https:\/\/artm-fr.ch\/de\/wp-json\/wp\/v2\/announcement\/1923","targetHints":{"allow":["GET"]}}],"collection":[{"href":"https:\/\/artm-fr.ch\/de\/wp-json\/wp\/v2\/announcement"}],"about":[{"href":"https:\/\/artm-fr.ch\/de\/wp-json\/wp\/v2\/types\/te_announcements"}],"wp:attachment":[{"href":"https:\/\/artm-fr.ch\/de\/wp-json\/wp\/v2\/media?parent=1923"}],"curies":[{"name":"wp","href":"https:\/\/api.w.org\/{rel}","templated":true}]}}

<h2>Fondation de la sous-section &#8222;Broye&#8220;</h2>
<p><!--more--></p>
<p>La première amicale des chauffeurs de la Broye a été fondée en 1944. Elle était alors située entre les organisations vaudoises et fribourgeoise. C&#8217;est au début de l&#8217;hiver 1957 que se forma le comité de ce qui deviendra quelque mois plus tard la sous-section Broye de l&#8217;ARTM Fribourg, suite à la décision du comité Romand de dissoudre l&#8217;amicale vaudoise.</p>
<p>&nbsp;</p>
<p><em>Retrouvez plus d&#8217;informations sur cet événement dans le livre du 50ème anniversaire de l&#8217;ARTM Fribourg, disponible sur la page <a href="https://artm-fr.ch/histoire/">Histoire</a>.</em></p>

https://artm-fr.ch/wp-content/uploads/2016/08/wsi-imageoptim-Capture-d’écran-2016-08-21-à-12.33.06.png
