{"id":1926,"date":"2016-08-20T12:19:21","date_gmt":"2016-08-20T11:19:21","guid":{"rendered":"https:\/\/artm-fr.ch\/?post_type=te_announcements&#038;p=1926"},"modified":"2016-08-26T19:53:20","modified_gmt":"2016-08-26T18:53:20","slug":"1959-2","status":"publish","type":"te_announcements","link":"https:\/\/artm-fr.ch\/de\/announcement\/1959-2\/","title":{"rendered":"1959"},"content":{"rendered":"<h2>Fondation de la sous-section &#8222;Lac&#8220;<\/h2>\n<p><!--more--><\/p>\n<p>C&#8217;est le 20 mars 1959 que la sous-section du lac voit le jour. En effet, sous l&#8217;impulsion du pr\u00e9sident cantonal d&#8217;alors, Guido BISE, une poign\u00e9e de dynamiques chauffeurs du district du Lac se rencontrent, \u00e0 l&#8217;H\u00f4tel de Ville de Morat, et d\u00e9cident de la fondation alors appel\u00e9e de LAC et du VULLY.<\/p>\n<p>&nbsp;<\/p>\n<p><em>Retrouvez plus d&#8217;informations sur cet \u00e9v\u00e9nement dans le livre du 50\u00e8me anniversaire de l&#8217;ARTM Fribourg, disponible sur la page\u00a0<a href=\"https:\/\/artm-fr.ch\/histoire\/\">Histoire<\/a>.<\/em><\/p>\n","protected":false},"parent":0,"template":"","class_list":["post-1926","te_announcements","type-te_announcements","status-publish","hentry"],"announcement_date":"Announcement Date: 20. M\u00e4rz 1959","announcement_image":{"iframe":false,"url":"https:\/\/artm-fr.ch\/wp-content\/uploads\/2016\/08\/wsi-imageoptim-Capture-d\u2019\u00e9cran-2016-08-21-\u00e0-12.34.06.png"},"_links":{"self":[{"href":"https:\/\/artm-fr.ch\/de\/wp-json\/wp\/v2\/announcement\/1926","targetHints":{"allow":["GET"]}}],"collection":[{"href":"https:\/\/artm-fr.ch\/de\/wp-json\/wp\/v2\/announcement"}],"about":[{"href":"https:\/\/artm-fr.ch\/de\/wp-json\/wp\/v2\/types\/te_announcements"}],"wp:attachment":[{"href":"https:\/\/artm-fr.ch\/de\/wp-json\/wp\/v2\/media?parent=1926"}],"curies":[{"name":"wp","href":"https:\/\/api.w.org\/{rel}","templated":true}]}}

<h2>Fondation de la sous-section &#8222;Lac&#8220;</h2>
<p><!--more--></p>
<p>C&#8217;est le 20 mars 1959 que la sous-section du lac voit le jour. En effet, sous l&#8217;impulsion du président cantonal d&#8217;alors, Guido BISE, une poignée de dynamiques chauffeurs du district du Lac se rencontrent, à l&#8217;Hôtel de Ville de Morat, et décident de la fondation alors appelée de LAC et du VULLY.</p>
<p>&nbsp;</p>
<p><em>Retrouvez plus d&#8217;informations sur cet événement dans le livre du 50ème anniversaire de l&#8217;ARTM Fribourg, disponible sur la page <a href="https://artm-fr.ch/histoire/">Histoire</a>.</em></p>

Announcement Date: 20. März 1959

https://artm-fr.ch/wp-content/uploads/2016/08/wsi-imageoptim-Capture-d’écran-2016-08-21-à-12.34.06.png
