{"id":1997,"date":"2016-08-26T19:06:32","date_gmt":"2016-08-26T18:06:32","guid":{"rendered":"https:\/\/artm-fr.ch\/?post_type=te_announcements&#038;p=1997"},"modified":"2016-08-28T13:09:41","modified_gmt":"2016-08-28T12:09:41","slug":"1942-2","status":"publish","type":"te_announcements","link":"https:\/\/artm-fr.ch\/de\/announcement\/1942-2\/","title":{"rendered":"1942"},"content":{"rendered":"<h2>Confection et b\u00e9n\u00e9diction du drapeau cantonal<\/h2>\n<p><!--more--><\/p>\n<p>L&#8217;assembl\u00e9e g\u00e9n\u00e9rale du 8 f\u00e9vrier 1942, \u00e0 la Brasserie Peier \u00e0 Fribourg, a r\u00e9uni une participation record de 128 membres sur un effectif de 266, ce dernier ayant progress\u00e9 de 53 membres en une ann\u00e9e. (&#8230;)<\/p>\n<p>A l&#8217;issue des d\u00e9bats, un secret jalousement gard\u00e9 par Paul Pythoud fut d\u00e9voil\u00e9. Jusqu&#8217;\u00e0 maintenant, seul un fanion offert g\u00e9n\u00e9reusement par le pr\u00e9sident Georges Bise, accompagnait les membres et les d\u00e9l\u00e9gu\u00e9s dans les diverses manifestations auxquelles les Fribourgeois \u00e9taient convi\u00e9s. Il fallait faire mieux \u00e0 l&#8217;avenir et c&#8217;est l&#8217;id\u00e9e qui a germ\u00e9 dans l&#8217;esprit de Paul Pythoud. Passant de l&#8217;id\u00e9e \u00e0 la r\u00e9alisation, il forma un petit groupe de travail qui d\u00e9veloppa activement l&#8217;affaire. Le projet fut adopt\u00e9 par l&#8217;assembl\u00e9e, sous r\u00e9serve du financement qui avait tout de m\u00eame pr\u00e9occup\u00e9 le promoteur qui avait d\u00e9j\u00e0 son plan.<\/p>\n<p>Confiant en son ami Paul, Georges Bise le remercia vivement pour tout ce travail et, compl tenu de la qualit\u00e9 de fondateur et de parfait organisateur de Paul Pythoud proposa de lui d\u00e9cerner le titre de membre d&#8217;honneur, ce que l&#8217;assembl\u00e9e confirma par acclamations.<\/p>\n<p>Quelques mois seulement suffirent au groupe Pythoud pour r\u00e9unir les fonds n\u00e9cessaires \u00e0 la confection d&#8217;un drapeau qui \u00e9tait maintenant attendu avec joie par chacun. Le projet fut \u00e9labor\u00e9 par le professeur Plancherel qui sut, dans les symboles inscrits sur la soie, allier la gr\u00e2ce et la force. Gr\u00e2ce \u00e0 la mise sur pied d&#8217;une loterie (b\u00e9n\u00e9fice 1403 fr. 35) et \u00e0 la r\u00e9colte de dons en esp\u00e8ces (1095 fr. 70), le financement \u00e9tait assur\u00e9. Le prix du drapeau s&#8217;est \u00e9lev\u00e9 \u00e0 655 francs tandis que l&#8217;armoire-vitrine co\u00fbtait 550 francs. Tous frais pay\u00e9s, il subsista un b\u00e9n\u00e9fice de 140 francs.<\/p>\n<p><a href=\"https:\/\/artm-fr.ch\/de\/announcement\/1942-2\/unfade-2016-08-26-18-08-28\/\"><img loading=\"lazy\" decoding=\"async\" class=\"alignright wp-image-2000 size-medium\" src=\"https:\/\/artm-fr.ch\/wp-content\/uploads\/2016\/08\/wsi-imageoptim-Unfade-2016-08-26-18.08.28-156x300.jpg\" alt=\"1942 Organisation\" width=\"156\" height=\"300\" srcset=\"https:\/\/artm-fr.ch\/wp-content\/uploads\/2016\/08\/wsi-imageoptim-Unfade-2016-08-26-18.08.28-156x300.jpg 156w, https:\/\/artm-fr.ch\/wp-content\/uploads\/2016\/08\/wsi-imageoptim-Unfade-2016-08-26-18.08.28-768x1481.jpg 768w, https:\/\/artm-fr.ch\/wp-content\/uploads\/2016\/08\/wsi-imageoptim-Unfade-2016-08-26-18.08.28-531x1024.jpg 531w, https:\/\/artm-fr.ch\/wp-content\/uploads\/2016\/08\/wsi-imageoptim-Unfade-2016-08-26-18.08.28-536x1034.jpg 536w, https:\/\/artm-fr.ch\/wp-content\/uploads\/2016\/08\/wsi-imageoptim-Unfade-2016-08-26-18.08.28-800x1543.jpg 800w, https:\/\/artm-fr.ch\/wp-content\/uploads\/2016\/08\/wsi-imageoptim-Unfade-2016-08-26-18.08.28.jpg 1062w\" sizes=\"auto, (max-width: 156px) 100vw, 156px\" \/><\/a>Une imposante manifestation s&#8217;est d\u00e9roul\u00e9e le dimanche 31 mai 1942. Le cort\u00e8ge emmen\u00e9 par la musique La Concordia de Fribourg d\u00e9fila dans les rues de la ville pour \u00e0 la cath\u00e9drale de St-Nicolas. Derri\u00e8re la musique suivaient le Comit\u00e9 central, avec son pr\u00e9sident Jean Stamm, puis les drapeaux avec les sections soeurs des soci\u00e9t\u00e9s militaires claquaient au vent. (&#8230;) Le cort\u00e8ge se terminait par de longues rang\u00e9es de chauffeurs militaires dont la cadence et l&#8217;allure martiale prouv\u00e8rent la fausset\u00e9 de la l\u00e9gende qui pr\u00e9tendait que les automobilistes militaires ne savaient pas marcher au pas. La manifestation fut suivie du banquet officiel servi \u00e0 l&#8217;H\u00f4tel Suisse. Les discours furent nombreux et tous empreints d&#8217;amiti\u00e9 et de patriotisme.<\/p>\n<p><a href=\"https:\/\/artm-fr.ch\/de\/announcement\/1942-2\/unfade-2016-08-26-18-08-53\/\"><img loading=\"lazy\" decoding=\"async\" class=\"alignleft wp-image-2001 size-medium\" src=\"https:\/\/artm-fr.ch\/wp-content\/uploads\/2016\/08\/wsi-imageoptim-Unfade-2016-08-26-18.08.53-156x300.jpg\" alt=\"1941 Programme\" width=\"156\" height=\"300\" srcset=\"https:\/\/artm-fr.ch\/wp-content\/uploads\/2016\/08\/wsi-imageoptim-Unfade-2016-08-26-18.08.53-156x300.jpg 156w, https:\/\/artm-fr.ch\/wp-content\/uploads\/2016\/08\/wsi-imageoptim-Unfade-2016-08-26-18.08.53-768x1479.jpg 768w, https:\/\/artm-fr.ch\/wp-content\/uploads\/2016\/08\/wsi-imageoptim-Unfade-2016-08-26-18.08.53-532x1024.jpg 532w, https:\/\/artm-fr.ch\/wp-content\/uploads\/2016\/08\/wsi-imageoptim-Unfade-2016-08-26-18.08.53.jpg 1064w\" sizes=\"auto, (max-width: 156px) 100vw, 156px\" \/><\/a>Le parrain Jean Henrioud, laissant parler\u00a0son coeur, pronon\u00e7a un discours plein de sentiments. Il dit sa joie d&#8217;\u00eatre parrain du drapeau fribourgeois et du choix de Mme Bise, la maman &#8222;Grande Bont\u00e9&#8220; de tous les chauffeurs militaires comme marraine. Il poursuivit en ces termes: &#8222;Vous avez tenu \u00e0 placer, \u00e0 c\u00f4t\u00e9 de vos couleurs de Fribourg, cette teinte lie de vin, si ch\u00e8re \u00e0 tout chauffeur militaire, accompagn\u00e9e du jaune canari de nos motoris\u00e9s des troupes l\u00e9g\u00e8res. Pour la premi\u00e8re fois, les deux couleurs des motoris\u00e9s voisinent sur un embl\u00e8me. Je vous f\u00e9licite de votre bon go\u00fbt. Il est bien que nos canaris sentent qu&#8217;ils font partie de notre famille et qu&#8217;ils sont \u00e9galement des chauffeurs militaires tout comme les lie de vin. Seule leur mission diff\u00e8re. Qu&#8217;importe au reste la couleur du parement car, tous, nous saurons faire enti\u00e8rement notre devoir, si notre pays l&#8217;exige&#8220;.<\/p>\n<p><a href=\"https:\/\/artm-fr.ch\/de\/announcement\/1942-2\/unfade-2016-08-26-17-04-43\/\"><img loading=\"lazy\" decoding=\"async\" class=\"aligncenter wp-image-2002 size-medium\" src=\"https:\/\/artm-fr.ch\/wp-content\/uploads\/2016\/08\/wsi-imageoptim-Unfade-2016-08-26-17.04.43-207x300.jpg\" alt=\"1941 b\u00e9n\u00e9diction\" width=\"207\" height=\"300\" srcset=\"https:\/\/artm-fr.ch\/wp-content\/uploads\/2016\/08\/wsi-imageoptim-Unfade-2016-08-26-17.04.43-207x300.jpg 207w, https:\/\/artm-fr.ch\/wp-content\/uploads\/2016\/08\/wsi-imageoptim-Unfade-2016-08-26-17.04.43-768x1114.jpg 768w, https:\/\/artm-fr.ch\/wp-content\/uploads\/2016\/08\/wsi-imageoptim-Unfade-2016-08-26-17.04.43-706x1024.jpg 706w, https:\/\/artm-fr.ch\/wp-content\/uploads\/2016\/08\/wsi-imageoptim-Unfade-2016-08-26-17.04.43-713x1034.jpg 713w, https:\/\/artm-fr.ch\/wp-content\/uploads\/2016\/08\/wsi-imageoptim-Unfade-2016-08-26-17.04.43-800x1160.jpg 800w, https:\/\/artm-fr.ch\/wp-content\/uploads\/2016\/08\/wsi-imageoptim-Unfade-2016-08-26-17.04.43.jpg 1412w\" sizes=\"auto, (max-width: 207px) 100vw, 207px\" \/><\/a><\/p>\n<p><a href=\"https:\/\/artm-fr.ch\/de\/announcement\/1942-2\/unfade-2016-08-26-17-06-16\/\"><img loading=\"lazy\" decoding=\"async\" class=\"aligncenter wp-image-1998 size-medium\" src=\"https:\/\/artm-fr.ch\/wp-content\/uploads\/2016\/08\/wsi-imageoptim-Unfade-2016-08-26-17.06.16-300x286.jpg\" alt=\"1942 compte rendu drapeau\" width=\"300\" height=\"286\" srcset=\"https:\/\/artm-fr.ch\/wp-content\/uploads\/2016\/08\/wsi-imageoptim-Unfade-2016-08-26-17.06.16-300x286.jpg 300w, https:\/\/artm-fr.ch\/wp-content\/uploads\/2016\/08\/wsi-imageoptim-Unfade-2016-08-26-17.06.16-768x733.jpg 768w, https:\/\/artm-fr.ch\/wp-content\/uploads\/2016\/08\/wsi-imageoptim-Unfade-2016-08-26-17.06.16-1024x977.jpg 1024w, https:\/\/artm-fr.ch\/wp-content\/uploads\/2016\/08\/wsi-imageoptim-Unfade-2016-08-26-17.06.16.jpg 2048w\" sizes=\"auto, (max-width: 300px) 100vw, 300px\" \/><\/a><\/p>\n<p><em>Texte et images extraits\u00a0du livre du 50\u00e8me anniversaire de l&#8217;ARTM Fribourg, disponible sur la page\u00a0<a href=\"https:\/\/artm-fr.ch\/histoire\/\">Histoire<\/a>.<\/em><\/p>\n<p>&nbsp;<\/p>\n<p>&nbsp;<\/p>\n","protected":false},"parent":0,"template":"","class_list":["post-1997","te_announcements","type-te_announcements","status-publish","hentry"],"announcement_date":"Announcement Date: 8. Februar 1942","announcement_image":false,"_links":{"self":[{"href":"https:\/\/artm-fr.ch\/de\/wp-json\/wp\/v2\/announcement\/1997","targetHints":{"allow":["GET"]}}],"collection":[{"href":"https:\/\/artm-fr.ch\/de\/wp-json\/wp\/v2\/announcement"}],"about":[{"href":"https:\/\/artm-fr.ch\/de\/wp-json\/wp\/v2\/types\/te_announcements"}],"wp:attachment":[{"href":"https:\/\/artm-fr.ch\/de\/wp-json\/wp\/v2\/media?parent=1997"}],"curies":[{"name":"wp","href":"https:\/\/api.w.org\/{rel}","templated":true}]}}

<h2>Confection et bénédiction du drapeau cantonal</h2>
<p><!--more--></p>
<p>L&#8217;assemblée générale du 8 février 1942, à la Brasserie Peier à Fribourg, a réuni une participation record de 128 membres sur un effectif de 266, ce dernier ayant progressé de 53 membres en une année. (&#8230;)</p>
<p>A l&#8217;issue des débats, un secret jalousement gardé par Paul Pythoud fut dévoilé. Jusqu&#8217;à maintenant, seul un fanion offert généreusement par le président Georges Bise, accompagnait les membres et les délégués dans les diverses manifestations auxquelles les Fribourgeois étaient conviés. Il fallait faire mieux à l&#8217;avenir et c&#8217;est l&#8217;idée qui a germé dans l&#8217;esprit de Paul Pythoud. Passant de l&#8217;idée à la réalisation, il forma un petit groupe de travail qui développa activement l&#8217;affaire. Le projet fut adopté par l&#8217;assemblée, sous réserve du financement qui avait tout de même préoccupé le promoteur qui avait déjà son plan.</p>
<p>Confiant en son ami Paul, Georges Bise le remercia vivement pour tout ce travail et, compl tenu de la qualité de fondateur et de parfait organisateur de Paul Pythoud proposa de lui décerner le titre de membre d&#8217;honneur, ce que l&#8217;assemblée confirma par acclamations.</p>
<p>Quelques mois seulement suffirent au groupe Pythoud pour réunir les fonds nécessaires à la confection d&#8217;un drapeau qui était maintenant attendu avec joie par chacun. Le projet fut élaboré par le professeur Plancherel qui sut, dans les symboles inscrits sur la soie, allier la grâce et la force. Grâce à la mise sur pied d&#8217;une loterie (bénéfice 1403 fr. 35) et à la récolte de dons en espèces (1095 fr. 70), le financement était assuré. Le prix du drapeau s&#8217;est élevé à 655 francs tandis que l&#8217;armoire-vitrine coûtait 550 francs. Tous frais payés, il subsista un bénéfice de 140 francs.</p>
<p><a href="https://artm-fr.ch/de/announcement/1942-2/unfade-2016-08-26-18-08-28/"><img loading="lazy" decoding="async" class="alignright wp-image-2000 size-medium" src="https://artm-fr.ch/wp-content/uploads/2016/08/wsi-imageoptim-Unfade-2016-08-26-18.08.28-156x300.jpg" alt="1942 Organisation" width="156" height="300" srcset="https://artm-fr.ch/wp-content/uploads/2016/08/wsi-imageoptim-Unfade-2016-08-26-18.08.28-156x300.jpg 156w, https://artm-fr.ch/wp-content/uploads/2016/08/wsi-imageoptim-Unfade-2016-08-26-18.08.28-768x1481.jpg 768w, https://artm-fr.ch/wp-content/uploads/2016/08/wsi-imageoptim-Unfade-2016-08-26-18.08.28-531x1024.jpg 531w, https://artm-fr.ch/wp-content/uploads/2016/08/wsi-imageoptim-Unfade-2016-08-26-18.08.28-536x1034.jpg 536w, https://artm-fr.ch/wp-content/uploads/2016/08/wsi-imageoptim-Unfade-2016-08-26-18.08.28-800x1543.jpg 800w, https://artm-fr.ch/wp-content/uploads/2016/08/wsi-imageoptim-Unfade-2016-08-26-18.08.28.jpg 1062w" sizes="auto, (max-width: 156px) 100vw, 156px" /></a>Une imposante manifestation s&#8217;est déroulée le dimanche 31 mai 1942. Le cortège emmené par la musique La Concordia de Fribourg défila dans les rues de la ville pour à la cathédrale de St-Nicolas. Derrière la musique suivaient le Comité central, avec son président Jean Stamm, puis les drapeaux avec les sections soeurs des sociétés militaires claquaient au vent. (&#8230;) Le cortège se terminait par de longues rangées de chauffeurs militaires dont la cadence et l&#8217;allure martiale prouvèrent la fausseté de la légende qui prétendait que les automobilistes militaires ne savaient pas marcher au pas. La manifestation fut suivie du banquet officiel servi à l&#8217;Hôtel Suisse. Les discours furent nombreux et tous empreints d&#8217;amitié et de patriotisme.</p>
<p><a href="https://artm-fr.ch/de/announcement/1942-2/unfade-2016-08-26-18-08-53/"><img loading="lazy" decoding="async" class="alignleft wp-image-2001 size-medium" src="https://artm-fr.ch/wp-content/uploads/2016/08/wsi-imageoptim-Unfade-2016-08-26-18.08.53-156x300.jpg" alt="1941 Programme" width="156" height="300" srcset="https://artm-fr.ch/wp-content/uploads/2016/08/wsi-imageoptim-Unfade-2016-08-26-18.08.53-156x300.jpg 156w, https://artm-fr.ch/wp-content/uploads/2016/08/wsi-imageoptim-Unfade-2016-08-26-18.08.53-768x1479.jpg 768w, https://artm-fr.ch/wp-content/uploads/2016/08/wsi-imageoptim-Unfade-2016-08-26-18.08.53-532x1024.jpg 532w, https://artm-fr.ch/wp-content/uploads/2016/08/wsi-imageoptim-Unfade-2016-08-26-18.08.53.jpg 1064w" sizes="auto, (max-width: 156px) 100vw, 156px" /></a>Le parrain Jean Henrioud, laissant parler son coeur, prononça un discours plein de sentiments. Il dit sa joie d&#8217;être parrain du drapeau fribourgeois et du choix de Mme Bise, la maman &#8222;Grande Bonté&#8220; de tous les chauffeurs militaires comme marraine. Il poursuivit en ces termes: &#8222;Vous avez tenu à placer, à côté de vos couleurs de Fribourg, cette teinte lie de vin, si chère à tout chauffeur militaire, accompagnée du jaune canari de nos motorisés des troupes légères. Pour la première fois, les deux couleurs des motorisés voisinent sur un emblème. Je vous félicite de votre bon goût. Il est bien que nos canaris sentent qu&#8217;ils font partie de notre famille et qu&#8217;ils sont également des chauffeurs militaires tout comme les lie de vin. Seule leur mission diffère. Qu&#8217;importe au reste la couleur du parement car, tous, nous saurons faire entièrement notre devoir, si notre pays l&#8217;exige&#8220;.</p>
<p><a href="https://artm-fr.ch/de/announcement/1942-2/unfade-2016-08-26-17-04-43/"><img loading="lazy" decoding="async" class="aligncenter wp-image-2002 size-medium" src="https://artm-fr.ch/wp-content/uploads/2016/08/wsi-imageoptim-Unfade-2016-08-26-17.04.43-207x300.jpg" alt="1941 bénédiction" width="207" height="300" srcset="https://artm-fr.ch/wp-content/uploads/2016/08/wsi-imageoptim-Unfade-2016-08-26-17.04.43-207x300.jpg 207w, https://artm-fr.ch/wp-content/uploads/2016/08/wsi-imageoptim-Unfade-2016-08-26-17.04.43-768x1114.jpg 768w, https://artm-fr.ch/wp-content/uploads/2016/08/wsi-imageoptim-Unfade-2016-08-26-17.04.43-706x1024.jpg 706w, https://artm-fr.ch/wp-content/uploads/2016/08/wsi-imageoptim-Unfade-2016-08-26-17.04.43-713x1034.jpg 713w, https://artm-fr.ch/wp-content/uploads/2016/08/wsi-imageoptim-Unfade-2016-08-26-17.04.43-800x1160.jpg 800w, https://artm-fr.ch/wp-content/uploads/2016/08/wsi-imageoptim-Unfade-2016-08-26-17.04.43.jpg 1412w" sizes="auto, (max-width: 207px) 100vw, 207px" /></a></p>
<p><a href="https://artm-fr.ch/de/announcement/1942-2/unfade-2016-08-26-17-06-16/"><img loading="lazy" decoding="async" class="aligncenter wp-image-1998 size-medium" src="https://artm-fr.ch/wp-content/uploads/2016/08/wsi-imageoptim-Unfade-2016-08-26-17.06.16-300x286.jpg" alt="1942 compte rendu drapeau" width="300" height="286" srcset="https://artm-fr.ch/wp-content/uploads/2016/08/wsi-imageoptim-Unfade-2016-08-26-17.06.16-300x286.jpg 300w, https://artm-fr.ch/wp-content/uploads/2016/08/wsi-imageoptim-Unfade-2016-08-26-17.06.16-768x733.jpg 768w, https://artm-fr.ch/wp-content/uploads/2016/08/wsi-imageoptim-Unfade-2016-08-26-17.06.16-1024x977.jpg 1024w, https://artm-fr.ch/wp-content/uploads/2016/08/wsi-imageoptim-Unfade-2016-08-26-17.06.16.jpg 2048w" sizes="auto, (max-width: 300px) 100vw, 300px" /></a></p>
<p><em>Texte et images extraits du livre du 50ème anniversaire de l&#8217;ARTM Fribourg, disponible sur la page <a href="https://artm-fr.ch/histoire/">Histoire</a>.</em></p>
<p>&nbsp;</p>
<p>&nbsp;</p>
