{"id":2003,"date":"2016-08-26T19:21:04","date_gmt":"2016-08-26T18:21:04","guid":{"rendered":"https:\/\/artm-fr.ch\/?post_type=te_announcements&#038;p=2003"},"modified":"2016-10-03T12:59:02","modified_gmt":"2016-10-03T11:59:02","slug":"1943-2","status":"publish","type":"te_announcements","link":"https:\/\/artm-fr.ch\/de\/announcement\/1943-2\/","title":{"rendered":"1943"},"content":{"rendered":"<h2>Premier concours national de sport motoris\u00e9 \u00e0 Zurich<\/h2>\n<p><!--more--><\/p>\n<p>(&#8230;) L&#8217;ann\u00e9e 1943 a \u00e9t\u00e9 marqu\u00e9e, sur le plan suisse, par le premier concours national de sport militaire motoris\u00e9, organis\u00e9 \u00e0 Zurich le 15 ao\u00fbt 1943. A cette occasion, le G\u00e9n\u00e9ral Guisan s&#8217;est exprim\u00e9 sur le sens de telles manifestations.<\/p>\n<p><a href=\"https:\/\/artm-fr.ch\/?attachment_id=2004\"><img loading=\"lazy\" decoding=\"async\" class=\"aligncenter wp-image-2004 size-large\" src=\"https:\/\/artm-fr.ch\/wp-content\/uploads\/2016\/08\/wsi-imageoptim-Unfade-2016-08-26-17.07.08-1024x1005.jpg\" alt=\"1943 CCA\" width=\"648\" height=\"636\" srcset=\"https:\/\/artm-fr.ch\/wp-content\/uploads\/2016\/08\/wsi-imageoptim-Unfade-2016-08-26-17.07.08-1024x1005.jpg 1024w, https:\/\/artm-fr.ch\/wp-content\/uploads\/2016\/08\/wsi-imageoptim-Unfade-2016-08-26-17.07.08-300x294.jpg 300w, https:\/\/artm-fr.ch\/wp-content\/uploads\/2016\/08\/wsi-imageoptim-Unfade-2016-08-26-17.07.08-768x754.jpg 768w, https:\/\/artm-fr.ch\/wp-content\/uploads\/2016\/08\/wsi-imageoptim-Unfade-2016-08-26-17.07.08-60x60.jpg 60w, https:\/\/artm-fr.ch\/wp-content\/uploads\/2016\/08\/wsi-imageoptim-Unfade-2016-08-26-17.07.08.jpg 2048w\" sizes=\"auto, (max-width: 648px) 100vw, 648px\" \/><\/a><\/p>\n<p><em>Texte et images extraits\u00a0du livre du 50\u00e8me anniversaire de l&#8217;ARTM Fribourg, disponible sur la page\u00a0<a href=\"https:\/\/artm-fr.ch\/histoire\/\">Histoire<\/a>.<\/em><\/p>\n","protected":false},"parent":0,"template":"","class_list":["post-2003","te_announcements","type-te_announcements","status-publish","hentry"],"announcement_date":"Announcement Date: 15. August 1943","announcement_image":false,"_links":{"self":[{"href":"https:\/\/artm-fr.ch\/de\/wp-json\/wp\/v2\/announcement\/2003","targetHints":{"allow":["GET"]}}],"collection":[{"href":"https:\/\/artm-fr.ch\/de\/wp-json\/wp\/v2\/announcement"}],"about":[{"href":"https:\/\/artm-fr.ch\/de\/wp-json\/wp\/v2\/types\/te_announcements"}],"wp:attachment":[{"href":"https:\/\/artm-fr.ch\/de\/wp-json\/wp\/v2\/media?parent=2003"}],"curies":[{"name":"wp","href":"https:\/\/api.w.org\/{rel}","templated":true}]}}

<h2>Premier concours national de sport motorisé à Zurich</h2>
<p><!--more--></p>
<p>(&#8230;) L&#8217;année 1943 a été marquée, sur le plan suisse, par le premier concours national de sport militaire motorisé, organisé à Zurich le 15 août 1943. A cette occasion, le Général Guisan s&#8217;est exprimé sur le sens de telles manifestations.</p>
<p><a href="https://artm-fr.ch/?attachment_id=2004"><img loading="lazy" decoding="async" class="aligncenter wp-image-2004 size-large" src="https://artm-fr.ch/wp-content/uploads/2016/08/wsi-imageoptim-Unfade-2016-08-26-17.07.08-1024x1005.jpg" alt="1943 CCA" width="648" height="636" srcset="https://artm-fr.ch/wp-content/uploads/2016/08/wsi-imageoptim-Unfade-2016-08-26-17.07.08-1024x1005.jpg 1024w, https://artm-fr.ch/wp-content/uploads/2016/08/wsi-imageoptim-Unfade-2016-08-26-17.07.08-300x294.jpg 300w, https://artm-fr.ch/wp-content/uploads/2016/08/wsi-imageoptim-Unfade-2016-08-26-17.07.08-768x754.jpg 768w, https://artm-fr.ch/wp-content/uploads/2016/08/wsi-imageoptim-Unfade-2016-08-26-17.07.08-60x60.jpg 60w, https://artm-fr.ch/wp-content/uploads/2016/08/wsi-imageoptim-Unfade-2016-08-26-17.07.08.jpg 2048w" sizes="auto, (max-width: 648px) 100vw, 648px" /></a></p>
<p><em>Texte et images extraits du livre du 50ème anniversaire de l&#8217;ARTM Fribourg, disponible sur la page <a href="https://artm-fr.ch/histoire/">Histoire</a>.</em></p>
