{"id":10068,"date":"2016-10-10T10:23:29","date_gmt":"2016-10-10T09:23:29","guid":{"rendered":"https:\/\/artm-fr.ch\/wp-content\/uploads\/2016\/08\/1946-08-13-48.pdf"},"modified":"2016-10-10T10:23:29","modified_gmt":"2016-10-10T09:23:29","slug":"1946-08-13-48-2","status":"inherit","type":"attachment","link":"https:\/\/artm-fr.ch\/de\/geschichte\/1946-08-13-48-2\/","title":{"rendered":"1946-08-13"},"author":2,"featured_media":0,"comment_status":"closed","ping_status":"closed","template":"","meta":[],"class_list":["post-10068","attachment","type-attachment","status-inherit","hentry"],"description":{"rendered":"<p class=\"attachment\"><a href='https:\/\/artm-fr.ch\/wp-content\/uploads\/2016\/08\/1946-08-13-48.pdf'>1946-08-13<\/a><\/p>\n<p>10\u00e8me assembl\u00e9e g\u00e9n\u00e9rale de l&#8217;ARTM Fribourg<\/p>\n"},"caption":{"rendered":"<p>Extrait de La Libert\u00e9 du 13 ao\u00fbt 1946<\/p>\n"},"alt_text":"","media_type":"file","mime_type":"application\/pdf","media_details":{},"post":2867,"source_url":"https:\/\/artm-fr.ch\/wp-content\/uploads\/2016\/08\/1946-08-13-48.pdf","filename":"1946-08-13-48.pdf","filesize":3237775,"_links":{"self":[{"href":"https:\/\/artm-fr.ch\/de\/wp-json\/wp\/v2\/media\/10068","targetHints":{"allow":["GET"]}}],"collection":[{"href":"https:\/\/artm-fr.ch\/de\/wp-json\/wp\/v2\/media"}],"about":[{"href":"https:\/\/artm-fr.ch\/de\/wp-json\/wp\/v2\/types\/attachment"}],"author":[{"embeddable":true,"href":"https:\/\/artm-fr.ch\/de\/wp-json\/wp\/v2\/users\/2"}],"replies":[{"embeddable":true,"href":"https:\/\/artm-fr.ch\/de\/wp-json\/wp\/v2\/comments?post=10068"}],"wp:attached-to":[{"embeddable":true,"post_type":"page","id":2867,"href":"https:\/\/artm-fr.ch\/de\/wp-json\/wp\/v2\/pages\/2867"}],"curies":[{"name":"wp","href":"https:\/\/api.w.org\/{rel}","templated":true}]}}

<p class="attachment"><a href='https://artm-fr.ch/wp-content/uploads/2016/08/1946-08-13-48.pdf'>1946-08-13</a></p>
<p>10ème assemblée générale de l&#8217;ARTM Fribourg</p>

<p>Extrait de La Liberté du 13 août 1946</p>
