{"id":13444,"date":"1939-01-01T01:00:22","date_gmt":"1939-01-01T00:00:22","guid":{"rendered":"https:\/\/artm-fr.ch\/?page_id=13444"},"modified":"2026-02-22T12:13:18","modified_gmt":"2026-02-22T11:13:18","slug":"kalender","status":"publish","type":"page","link":"https:\/\/artm-fr.ch\/de\/kalender\/","title":{"rendered":"Kalender"},"content":{"rendered":"\n<h2 class=\"wp-block-heading\">Events ARTM Fribourg<\/h2>\n\n<hr class=\"wp-block-separator has-css-opacity\"\/>\n\n<figure class=\"wp-block-table manif-artmfr is-style-regular has-medium-font-size\" style=\"font-style:normal;font-weight:400\"><table class=\"has-black-color has-text-color has-link-color\"><thead><tr><th><strong>Datum<\/strong><\/th><th><strong>Anlass<\/strong><\/th><th><strong>Ort<\/strong><\/th><th><strong>Registrierung<\/strong><\/th><\/tr><\/thead><tbody><tr><td><strong>06.03.2026<\/strong><\/td><td><strong>Allgemeine Versammlung<\/strong><\/td><td>Grolley<\/td><td>\u00dcber Libretto<\/td><\/tr><tr><td>07.03.2026<\/td><td>Kollektive Fahrschule I<\/td><td>Drognens<\/td><td><a href=\"https:\/\/www.artm-vd.ch\/evenement\/496\">Link<\/a><\/td><\/tr><tr><td>11.04.2026<\/td><td>Einf\u00fchrung in Kundgebungen \/ Neujahr<\/td><td>Grolley<\/td><td><a href=\"https:\/\/artm-gest.ch\/manifestations\/inscription\/a231866432510s23144232898\">Link<\/a><\/td><\/tr><tr><td>22.08.2026<\/td><td>Kollektive Fahrschule II<\/td><td>Grolley<\/td><td><a href=\"https:\/\/artm-gest.ch\/manifestations\/inscription\/a231866432511s23144232898\">Link<\/a><\/td><\/tr><tr><td>22.09.2026<\/td><td>Refresh Rally Theory (F)<\/td><td>Durch Video<\/td><td><a href=\"https:\/\/artm-gest.ch\/manifestations\/inscription\/a231866432512s23144232898\">Link<\/a><\/td><\/tr><tr><td>23.09.2026<\/td><td>Rallye-Erneuerungstheorie (D)<\/td><td>Durch Video<\/td><td><a href=\"https:\/\/artm-gest.ch\/manifestations\/inscription\/a231866432513s23144232898\">Link<\/a><\/td><\/tr><tr><td><strong>02-03.10.2026<\/strong><\/td><td>Schweizer <strong>Milit\u00e4rfahrertage <\/strong> \/<strong>Schweizerischer Milit\u00e4rmotofahrer-Tagus<\/strong><\/td><td>Grolley<\/td><td><a href=\"https:\/\/forms.gle\/GhMjJ1fdKtMG6bFUA\">Link<\/a><\/td><\/tr><\/tbody><\/table><\/figure>\n\n<p class=\"wp-block-paragraph\">Wenn Sie eine Veranstaltung organisieren und\/oder der technischen Kommission beitreten m\u00f6chten, laden wir Sie ein, <a href=\"mailto:president@artm-fr.ch\">sich direkt mit uns in Verbindung zu setzen<\/a>.<\/p>\n\n<h2 class=\"wp-block-heading\">Empfohlene Anl\u00e4sse<\/h2>\n\n<p class=\"wp-block-paragraph\">Diese Liste enth\u00e4lt die Veranstaltungen, zu denen wir die Teilnahme der freib\u00fcrgerlichen Mitglieder organisieren werden. Als Mitglied k\u00f6nnen Sie an allen Veranstaltungen teilnehmen, die von den Mitgliedsverb\u00e4nden der VSMMV organisiert werden. Die vollst\u00e4ndige Liste finden Sie auf dieser <a href=\"https:\/\/vsmmv.ch\/wp-content\/uploads\/Datenkoordaintion-2025-nach-Datum.pdf?x67134\">Seite<\/a>.<\/p>\n\n<figure class=\"wp-block-table is-style-regular manif-artmfr has-medium-font-size\" style=\"font-style:normal;font-weight:400\"><table class=\"has-black-color has-text-color has-link-color\"><thead><tr><th><strong>Datum<\/strong><\/th><th><strong>Anlass<\/strong><\/th><th><strong>Organisation<\/strong><\/th><th><strong>Ort<\/strong><\/th><th><strong>Informationen<\/strong><\/th><\/tr><\/thead><tbody><tr><td>02.04.2026<\/td><td>MWK f\u00fcr Kader und JMF<\/td><td>GMMB-BM<\/td><td>Wangen a. Hat. <\/td><td><a href=\"https:\/\/gmmb.ch\/\">Link<\/a><\/td><\/tr><tr><td>10.04.2026<\/td><td>Motorisiertes Orientierungskurs 1<\/td><td>ARTM Neuch\u00e2tel<\/td><td>Le Locle<\/td><td><a href=\"mailto:pascalnoirat@hispeed.ch\">Link<\/a><\/td><\/tr><tr><td>08.05.2026<\/td><td>Motorisierter Orientierungskurs 2<\/td><td>ARTM-Neuch\u00e2tel<\/td><td>Le Locle<\/td><td><a href=\"mailto:pascalnoirat@hispeed.ch\"><\/a><a href=\"mailto:pascalnoirat@hispeed.ch\">Link<\/a><\/td><\/tr><tr><td>26.06.2026<\/td><td>Motorisierter Orientierungskurs 3<\/td><td>ARTM-Neuch\u00e2tel<\/td><td>Les Brenets<\/td><td><a href=\"mailto:pascalnoirat@hispeed.ch\">Link<\/a><\/td><\/tr><tr><td>21.08.2026<\/td><td>Motorisierter Orientierungskurs 4<\/td><td>ARTM-Neuch\u00e2tel<\/td><td>Ligni\u00e8res<\/td><td><a href=\"mailto:pascalnoirat@hispeed.ch\">Link<\/a><\/td><\/tr><tr><td>05.09.2026<\/td><td>Rallye Valaisans \/ G300-Tage<\/td><td>ARTM-Valais<\/td><td>Sonnentor<\/td><td><a href=\"https:\/\/www.artm-vs.ch\/\">Link<\/a><\/td><\/tr><tr><td>17.09.2026<\/td><td>MWK f\u00fcr Kader und JMF<\/td><td>GMMB-BM<\/td><td>Wangen a. Hat. <\/td><td><a href=\"https:\/\/gmmb.ch\/\">Link<\/a><\/td><\/tr><tr><td>25.09.2026<\/td><td>Motorisierter Orientierungskurs 5<\/td><td>ARTM-Neuch\u00e2tel<\/td><td>Le Locle<\/td><td><a href=\"mailto:pascalnoirat@hispeed.ch\">Link<\/a><\/td><\/tr><tr><td>16.10.2026<\/td><td>Motorisierter Orientierungskurs 6<\/td><td>ARTM-Neuch\u00e2tel<\/td><td>La Chaux-de-Fonds<\/td><td><a href=\"mailto:pascalnoirat@hispeed.ch\">Link<\/a><\/td><\/tr><tr><td>25.10.2025<\/td><td>MWK Probus<\/td><td>GMMZ<\/td><td>Othmarsingen<\/td><td><a href=\"https:\/\/www.gmmz.ch\/taetigkeitsprogramm\">Link<\/a><\/td><\/tr><tr><td>06.11.2025<\/td><td>Motorisierter Orientierungskurs 7<\/td><td>ARTM-Neuch\u00e2tel Montagnes<\/td><td>Die Geneveys\/Coffrane<\/td><td><a href=\"mailto:pascalnoirat@hispeed.ch\">Link<\/a><\/td><\/tr><\/tbody><\/table><\/figure>\n\n<hr class=\"wp-block-separator has-css-opacity\"\/>\n\n<h2 class=\"wp-block-heading\">Anl\u00e4sse VSMMV<\/h2>\n\n<p class=\"wp-block-paragraph\">F\u00fcr die VSMMV GV ben\u00f6tigen wir Delegierte, die uns vertreten. <a href=\"https:\/\/artm-fr.ch\/de\/adressen\/formular\/\">Kontaktieren Sie uns,<\/a> wenn Sie teilnehmen m\u00f6chten.<\/p>\n\n<figure class=\"wp-block-table manif-artmfr has-medium-font-size\"><table class=\"has-black-color has-text-color has-link-color\"><thead><tr><th><strong>Datum<\/strong><\/th><th><strong>Anlass<\/strong><\/th><th><strong>Ort<\/strong><\/th><th><strong>Informationen<\/strong><\/th><\/tr><\/thead><tbody><tr><td>14.05.2026<\/td><td>Br\u00fcnigfeier<\/td><td>Br\u00fcnig<\/td><td><a href=\"https:\/\/vsmmv.ch\/fr\/evenements\/\">vsmmv.ch<\/a><\/td><\/tr><tr><td>06.06.2026<\/td><td>FFSTM(AD) Delegiertenversammlung<\/td><td>R\u00fcmlang<\/td><td><a href=\"mailto:president@artm-fr.ch\">Registrierung<\/a><\/td><\/tr><tr><td>21.11.2026<\/td><td>PTLK<\/td><td>&#8211;<\/td><td>&#8211;<\/td><\/tr><\/tbody><\/table><\/figure>\n\n<p class=\"wp-block-paragraph\"><\/p>\n\n<style>.manif-artmfr{\nmax-width: 110rem !important;\n}\n<\/style>\n","protected":false},"excerpt":{"rendered":"<p>Events ARTM Fribourg Datum Anlass Ort Registrierung 06.03.2026 Allgemeine Versammlung Grolley \u00dcber Libretto 07.03.2026 Kollektive Fahrschule I Drognens Link 11.04.2026 Einf\u00fchrung in Kundgebungen \/ Neujahr Grolley Link 22.08.2026 Kollektive Fahrschule II Grolley Link 22.09.2026 Refresh Rally Theory (F) Durch Video Link 23.09.2026 Rallye-Erneuerungstheorie (D) Durch Video Link 02-03.10.2026 Schweizer Milit\u00e4rfahrertage \/Schweizerischer Milit\u00e4rmotofahrer-Tagus Grolley Link Wenn [&hellip;]<\/p>\n","protected":false},"author":12,"featured_media":9071,"parent":0,"menu_order":0,"comment_status":"closed","ping_status":"closed","template":"","meta":{"footnotes":""},"class_list":["post-13444","page","type-page","status-publish","has-post-thumbnail","hentry"],"_links":{"self":[{"href":"https:\/\/artm-fr.ch\/de\/wp-json\/wp\/v2\/pages\/13444","targetHints":{"allow":["GET"]}}],"collection":[{"href":"https:\/\/artm-fr.ch\/de\/wp-json\/wp\/v2\/pages"}],"about":[{"href":"https:\/\/artm-fr.ch\/de\/wp-json\/wp\/v2\/types\/page"}],"author":[{"embeddable":true,"href":"https:\/\/artm-fr.ch\/de\/wp-json\/wp\/v2\/users\/12"}],"replies":[{"embeddable":true,"href":"https:\/\/artm-fr.ch\/de\/wp-json\/wp\/v2\/comments?post=13444"}],"version-history":[{"count":102,"href":"https:\/\/artm-fr.ch\/de\/wp-json\/wp\/v2\/pages\/13444\/revisions"}],"predecessor-version":[{"id":19408,"href":"https:\/\/artm-fr.ch\/de\/wp-json\/wp\/v2\/pages\/13444\/revisions\/19408"}],"wp:featuredmedia":[{"embeddable":true,"href":"https:\/\/artm-fr.ch\/de\/wp-json\/wp\/v2\/media\/9071"}],"wp:attachment":[{"href":"https:\/\/artm-fr.ch\/de\/wp-json\/wp\/v2\/media?parent=13444"}],"curies":[{"name":"wp","href":"https:\/\/api.w.org\/{rel}","templated":true}]}}

<h2 class="wp-block-heading">Events ARTM Fribourg</h2>

<hr class="wp-block-separator has-css-opacity"/>

<figure class="wp-block-table manif-artmfr is-style-regular has-medium-font-size" style="font-style:normal;font-weight:400"><table class="has-black-color has-text-color has-link-color"><thead><tr><th><strong>Datum</strong></th><th><strong>Anlass</strong></th><th><strong>Ort</strong></th><th><strong>Registrierung</strong></th></tr></thead><tbody><tr><td><strong>06.03.2026</strong></td><td><strong>Allgemeine Versammlung</strong></td><td>Grolley</td><td>Über Libretto</td></tr><tr><td>07.03.2026</td><td>Kollektive Fahrschule I</td><td>Drognens</td><td><a href="https://www.artm-vd.ch/evenement/496">Link</a></td></tr><tr><td>11.04.2026</td><td>Einführung in Kundgebungen / Neujahr</td><td>Grolley</td><td><a href="https://artm-gest.ch/manifestations/inscription/a231866432510s23144232898">Link</a></td></tr><tr><td>22.08.2026</td><td>Kollektive Fahrschule II</td><td>Grolley</td><td><a href="https://artm-gest.ch/manifestations/inscription/a231866432511s23144232898">Link</a></td></tr><tr><td>22.09.2026</td><td>Refresh Rally Theory (F)</td><td>Durch Video</td><td><a href="https://artm-gest.ch/manifestations/inscription/a231866432512s23144232898">Link</a></td></tr><tr><td>23.09.2026</td><td>Rallye-Erneuerungstheorie (D)</td><td>Durch Video</td><td><a href="https://artm-gest.ch/manifestations/inscription/a231866432513s23144232898">Link</a></td></tr><tr><td><strong>02-03.10.2026</strong></td><td>Schweizer <strong>Militärfahrertage </strong> /<strong>Schweizerischer Militärmotofahrer-Tagus</strong></td><td>Grolley</td><td><a href="https://forms.gle/GhMjJ1fdKtMG6bFUA">Link</a></td></tr></tbody></table></figure>

<p class="wp-block-paragraph">Wenn Sie eine Veranstaltung organisieren und/oder der technischen Kommission beitreten möchten, laden wir Sie ein, <a href="mailto:president@artm-fr.ch">sich direkt mit uns in Verbindung zu setzen</a>.</p>

<h2 class="wp-block-heading">Empfohlene Anlässe</h2>

<p class="wp-block-paragraph">Diese Liste enthält die Veranstaltungen, zu denen wir die Teilnahme der freibürgerlichen Mitglieder organisieren werden. Als Mitglied können Sie an allen Veranstaltungen teilnehmen, die von den Mitgliedsverbänden der VSMMV organisiert werden. Die vollständige Liste finden Sie auf dieser <a href="https://vsmmv.ch/wp-content/uploads/Datenkoordaintion-2025-nach-Datum.pdf?x67134">Seite</a>.</p>

<figure class="wp-block-table is-style-regular manif-artmfr has-medium-font-size" style="font-style:normal;font-weight:400"><table class="has-black-color has-text-color has-link-color"><thead><tr><th><strong>Datum</strong></th><th><strong>Anlass</strong></th><th><strong>Organisation</strong></th><th><strong>Ort</strong></th><th><strong>Informationen</strong></th></tr></thead><tbody><tr><td>02.04.2026</td><td>MWK für Kader und JMF</td><td>GMMB-BM</td><td>Wangen a. Hat. </td><td><a href="https://gmmb.ch/">Link</a></td></tr><tr><td>10.04.2026</td><td>Motorisiertes Orientierungskurs 1</td><td>ARTM Neuchâtel</td><td>Le Locle</td><td><a href="mailto:pascalnoirat@hispeed.ch">Link</a></td></tr><tr><td>08.05.2026</td><td>Motorisierter Orientierungskurs 2</td><td>ARTM-Neuchâtel</td><td>Le Locle</td><td><a href="mailto:pascalnoirat@hispeed.ch"></a><a href="mailto:pascalnoirat@hispeed.ch">Link</a></td></tr><tr><td>26.06.2026</td><td>Motorisierter Orientierungskurs 3</td><td>ARTM-Neuchâtel</td><td>Les Brenets</td><td><a href="mailto:pascalnoirat@hispeed.ch">Link</a></td></tr><tr><td>21.08.2026</td><td>Motorisierter Orientierungskurs 4</td><td>ARTM-Neuchâtel</td><td>Lignières</td><td><a href="mailto:pascalnoirat@hispeed.ch">Link</a></td></tr><tr><td>05.09.2026</td><td>Rallye Valaisans / G300-Tage</td><td>ARTM-Valais</td><td>Sonnentor</td><td><a href="https://www.artm-vs.ch/">Link</a></td></tr><tr><td>17.09.2026</td><td>MWK für Kader und JMF</td><td>GMMB-BM</td><td>Wangen a. Hat. </td><td><a href="https://gmmb.ch/">Link</a></td></tr><tr><td>25.09.2026</td><td>Motorisierter Orientierungskurs 5</td><td>ARTM-Neuchâtel</td><td>Le Locle</td><td><a href="mailto:pascalnoirat@hispeed.ch">Link</a></td></tr><tr><td>16.10.2026</td><td>Motorisierter Orientierungskurs 6</td><td>ARTM-Neuchâtel</td><td>La Chaux-de-Fonds</td><td><a href="mailto:pascalnoirat@hispeed.ch">Link</a></td></tr><tr><td>25.10.2025</td><td>MWK Probus</td><td>GMMZ</td><td>Othmarsingen</td><td><a href="https://www.gmmz.ch/taetigkeitsprogramm">Link</a></td></tr><tr><td>06.11.2025</td><td>Motorisierter Orientierungskurs 7</td><td>ARTM-Neuchâtel Montagnes</td><td>Die Geneveys/Coffrane</td><td><a href="mailto:pascalnoirat@hispeed.ch">Link</a></td></tr></tbody></table></figure>

<hr class="wp-block-separator has-css-opacity"/>

<h2 class="wp-block-heading">Anlässe VSMMV</h2>

<p class="wp-block-paragraph">Für die VSMMV GV benötigen wir Delegierte, die uns vertreten. <a href="https://artm-fr.ch/de/adressen/formular/">Kontaktieren Sie uns,</a> wenn Sie teilnehmen möchten.</p>

<figure class="wp-block-table manif-artmfr has-medium-font-size"><table class="has-black-color has-text-color has-link-color"><thead><tr><th><strong>Datum</strong></th><th><strong>Anlass</strong></th><th><strong>Ort</strong></th><th><strong>Informationen</strong></th></tr></thead><tbody><tr><td>14.05.2026</td><td>Brünigfeier</td><td>Brünig</td><td><a href="https://vsmmv.ch/fr/evenements/">vsmmv.ch</a></td></tr><tr><td>06.06.2026</td><td>FFSTM(AD) Delegiertenversammlung</td><td>Rümlang</td><td><a href="mailto:president@artm-fr.ch">Registrierung</a></td></tr><tr><td>21.11.2026</td><td>PTLK</td><td>&#8211;</td><td>&#8211;</td></tr></tbody></table></figure>

<p class="wp-block-paragraph"></p>

<style>.manif-artmfr{
max-width: 110rem !important;
}
</style>

<p>Events ARTM Fribourg Datum Anlass Ort Registrierung 06.03.2026 Allgemeine Versammlung Grolley Über Libretto 07.03.2026 Kollektive Fahrschule I Drognens Link 11.04.2026 Einführung in Kundgebungen / Neujahr Grolley Link 22.08.2026 Kollektive Fahrschule II Grolley Link 22.09.2026 Refresh Rally Theory (F) Durch Video Link 23.09.2026 Rallye-Erneuerungstheorie (D) Durch Video Link 02-03.10.2026 Schweizer Militärfahrertage /Schweizerischer Militärmotofahrer-Tagus Grolley Link Wenn [&hellip;]</p>
