{"id":1487,"date":"2016-06-26T00:00:27","date_gmt":"2016-06-25T22:00:27","guid":{"rendered":"https:\/\/artm-fr.ch\/de\/?page_id=1487"},"modified":"2024-11-18T13:09:04","modified_gmt":"2024-11-18T12:09:04","slug":"jungmotorfahrer","status":"publish","type":"page","link":"https:\/\/artm-fr.ch\/de\/jungmotorfahrer\/","title":{"rendered":"Kurs &#8222;Junge Fahrer&#8220;"},"content":{"rendered":"<div class=\"page\" title=\"Seite 1\">\n<div class=\"layoutArea\">\n<div class=\"column\">\n<h2>Organisation<\/h2>\n<div class=\"column\">\n<p><img loading=\"lazy\" decoding=\"async\" class=\"size-medium wp-image-1496 alignright\" src=\"https:\/\/artm-fr.ch\/wp-content\/uploads\/2016\/06\/wsi-imageoptim-vordienstliches.parsys.95255.2.photo_.Photogallery.gif.jpeg\" alt=\"Saurer 10DM\" width=\"300\" height=\"225\" srcset=\"https:\/\/artm-fr.ch\/wp-content\/uploads\/2016\/06\/wsi-imageoptim-vordienstliches.parsys.95255.2.photo_.Photogallery.gif.jpeg 800w, https:\/\/artm-fr.ch\/wp-content\/uploads\/2016\/06\/wsi-imageoptim-vordienstliches.parsys.95255.2.photo_.Photogallery.gif-300x225.jpeg 300w, https:\/\/artm-fr.ch\/wp-content\/uploads\/2016\/06\/wsi-imageoptim-vordienstliches.parsys.95255.2.photo_.Photogallery.gif-768x576.jpeg 768w\" sizes=\"auto, (max-width: 300px) 100vw, 300px\" \/>Die in zwei Phasen organisierten Young Drivers Courses (CJC) richten sich an junge M\u00e4nner und Frauen, die in der Lage und motiviert sind, die anspruchsvolle Aufgabe der Autofahrer in der Armee zu \u00fcbernehmen. Nach Bestehen der beiden Phasen der Eignungspr\u00fcfung und vorbehaltlich des erfolgreichen Abschlusses der Eignungspr\u00fcfung A <span style=\"text-decoration: underline;\">ist f\u00fcr die jungen Teilnehmer gew\u00e4hrleistet, dass sie im Rahmen des Einstellungsverfahrens als Autofahrer eingestellt werden.<br \/>\n<\/span> <\/p>\n<\/div>\n<\/div>\n<div class=\"column\">\n<h3>Erste Phase<\/h3>\n<p>Die erste Phase des Kurses findet zentral in der Kaserne Drognens f\u00fcr die Westschweiz statt. W\u00e4hrend dieser 3 Tage absolvieren Sie eine vorbereitende, theoretische und praktische Schulung an Milit\u00e4rfahrzeugen. <\/p>\n<h3>Zweite Phase<\/h3>\n<p><img loading=\"lazy\" decoding=\"async\" class=\"size-medium wp-image-1951 alignright\" src=\"https:\/\/artm-fr.ch\/wp-content\/uploads\/2016\/08\/wsi-imageoptim-14067520_1667171503603157_5676801357486965364_n-300x200.jpg\" alt=\"14067520_1667171503603157_5676801357486965364_n\" width=\"300\" height=\"200\" srcset=\"https:\/\/artm-fr.ch\/wp-content\/uploads\/2016\/08\/wsi-imageoptim-14067520_1667171503603157_5676801357486965364_n-300x200.jpg 300w, https:\/\/artm-fr.ch\/wp-content\/uploads\/2016\/08\/wsi-imageoptim-14067520_1667171503603157_5676801357486965364_n-768x512.jpg 768w, https:\/\/artm-fr.ch\/wp-content\/uploads\/2016\/08\/wsi-imageoptim-14067520_1667171503603157_5676801357486965364_n-800x533.jpg 800w, https:\/\/artm-fr.ch\/wp-content\/uploads\/2016\/08\/wsi-imageoptim-14067520_1667171503603157_5676801357486965364_n.jpg 960w\" sizes=\"auto, (max-width: 300px) 100vw, 300px\" \/>Die 2. Phase wird durch die Teilnahme an einer ordentlichen Vorf\u00fchrung einer ARTM-Sektion validiert. An diesem Tag k\u00f6nnen Sie die verschiedenen Aktivit\u00e4ten unseres Unternehmens entdecken und die Funktion eines Milit\u00e4rfahrers<br \/>\naus n\u00e4chster N\u00e4he erleben. In kameradschaftlichem Geiste werdet ihr in der Lage sein, den F\u00fchrerschein 921 (auf Anfrage) zu machen, der es euch erm\u00f6glicht, bereits den F\u00fchrerschein zum Fahren von Armeeautos zu haben. Wir organisieren auch die M\u00f6glichkeit, sich im Fahren und Rangieren von LKWs auf engstem Raum zu versuchen! Veranstaltungen der ARTM Fribourg als zweite Phase: <a href=\"https:\/\/artm-fr.ch\/de\/kalender\/\">Programm<\/a>   <\/p>\n<div class=\"layoutArea\">\n<div class=\"column\">\n<h2>Teilnehmende<\/h2>\n<\/div>\n<\/div>\n<div class=\"layoutArea\">\n<div class=\"column\">\n<p>Bedingungen:<\/p>\n<ul>\n<li>die schweizerische Staatsangeh\u00f6rigkeit besitzen;<\/li>\n<li>zu Beginn des Kurses 17 Jahre alt sein und die Erlaubnis der Eltern oder des Erziehungsberechtigten haben;<\/li>\n<li>Seien Sie mindestens 160 cm gro\u00df.<\/li>\n<li>nicht an einem offensichtlichen Gebrechen leiden, das von vornherein die Diensttauglichkeit oder die Einstellungserfordernisse ausschlie\u00dft;<\/li>\n<li>wurde keine Lizenz entzogen.<\/li>\n<\/ul>\n<\/div>\n<\/div>\n<h2>Informationen und Anmeldung<\/h2>\n<\/div>\n<\/div>\n<div class=\"layoutArea\">\n<div class=\"column\">\n<p><a href=\"https:\/\/artm-fr.ch\/wp-content\/uploads\/2016\/08\/wsi-imageoptim-14039886_1667171446936496_5575456281532064149_n-300x200.jpg\"><img loading=\"lazy\" decoding=\"async\" class=\"alignright wp-image-1948\" src=\"https:\/\/artm-fr.ch\/wp-content\/uploads\/2016\/08\/wsi-imageoptim-14039886_1667171446936496_5575456281532064149_n-300x200.jpg\" alt=\"JC-Kurse\" width=\"367\" height=\"244\" srcset=\"https:\/\/artm-fr.ch\/wp-content\/uploads\/2016\/08\/wsi-imageoptim-14039886_1667171446936496_5575456281532064149_n-300x200.jpg 300w, https:\/\/artm-fr.ch\/wp-content\/uploads\/2016\/08\/wsi-imageoptim-14039886_1667171446936496_5575456281532064149_n-768x512.jpg 768w, https:\/\/artm-fr.ch\/wp-content\/uploads\/2016\/08\/wsi-imageoptim-14039886_1667171446936496_5575456281532064149_n-800x533.jpg 800w, https:\/\/artm-fr.ch\/wp-content\/uploads\/2016\/08\/wsi-imageoptim-14039886_1667171446936496_5575456281532064149_n.jpg 960w\" sizes=\"auto, (max-width: 367px) 100vw, 367px\" \/><\/a>M\u00f6chten Sie mehr \u00fcber die &#8222;Young Driver&#8220;-Kurse erfahren oder sich f\u00fcr eine dieser Veranstaltungen anmelden? Haben Sie Fragen? Ich antworte Ihnen gerne, egal ob Sie aus Freiburg kommen oder nicht! Zudem finden Sie auf <a href=\"https:\/\/vsmmv.ch\/fr\/les-jeunes-chauffeurs\/\">www.jeunechauffeur.ch<\/a> weitere Detailinformationen, Kurstermine und den Anmeldestatus f\u00fcr laufende Kurse in anderen kantonalen Sektionen. <\/p>\n<p style=\"text-align: right;\">Pte Emile D\u00e9costerd<br \/>\njeunechauffeur@artm-fr.ch<\/p>\n<\/div>\n<\/div>\n<\/div>\n","protected":false},"excerpt":{"rendered":"<p>Organisation Die in zwei Phasen organisierten Young Drivers Courses (CJC) richten sich an junge M\u00e4nner und Frauen, die in der Lage und motiviert sind, die anspruchsvolle Aufgabe der Autofahrer in der Armee zu \u00fcbernehmen. Nach Bestehen der beiden Phasen der Eignungspr\u00fcfung und vorbehaltlich des erfolgreichen Abschlusses der Eignungspr\u00fcfung A ist f\u00fcr die jungen Teilnehmer gew\u00e4hrleistet, [&hellip;]<\/p>\n","protected":false},"author":2,"featured_media":0,"parent":0,"menu_order":0,"comment_status":"closed","ping_status":"closed","template":"","meta":{"footnotes":""},"class_list":["post-1487","page","type-page","status-publish","hentry"],"_links":{"self":[{"href":"https:\/\/artm-fr.ch\/de\/wp-json\/wp\/v2\/pages\/1487","targetHints":{"allow":["GET"]}}],"collection":[{"href":"https:\/\/artm-fr.ch\/de\/wp-json\/wp\/v2\/pages"}],"about":[{"href":"https:\/\/artm-fr.ch\/de\/wp-json\/wp\/v2\/types\/page"}],"author":[{"embeddable":true,"href":"https:\/\/artm-fr.ch\/de\/wp-json\/wp\/v2\/users\/2"}],"replies":[{"embeddable":true,"href":"https:\/\/artm-fr.ch\/de\/wp-json\/wp\/v2\/comments?post=1487"}],"version-history":[{"count":21,"href":"https:\/\/artm-fr.ch\/de\/wp-json\/wp\/v2\/pages\/1487\/revisions"}],"predecessor-version":[{"id":18587,"href":"https:\/\/artm-fr.ch\/de\/wp-json\/wp\/v2\/pages\/1487\/revisions\/18587"}],"wp:attachment":[{"href":"https:\/\/artm-fr.ch\/de\/wp-json\/wp\/v2\/media?parent=1487"}],"curies":[{"name":"wp","href":"https:\/\/api.w.org\/{rel}","templated":true}]}}

<div class="page" title="Seite 1">
<div class="layoutArea">
<div class="column">
<h2>Organisation</h2>
<div class="column">
<p><img loading="lazy" decoding="async" class="size-medium wp-image-1496 alignright" src="https://artm-fr.ch/wp-content/uploads/2016/06/wsi-imageoptim-vordienstliches.parsys.95255.2.photo_.Photogallery.gif.jpeg" alt="Saurer 10DM" width="300" height="225" srcset="https://artm-fr.ch/wp-content/uploads/2016/06/wsi-imageoptim-vordienstliches.parsys.95255.2.photo_.Photogallery.gif.jpeg 800w, https://artm-fr.ch/wp-content/uploads/2016/06/wsi-imageoptim-vordienstliches.parsys.95255.2.photo_.Photogallery.gif-300x225.jpeg 300w, https://artm-fr.ch/wp-content/uploads/2016/06/wsi-imageoptim-vordienstliches.parsys.95255.2.photo_.Photogallery.gif-768x576.jpeg 768w" sizes="auto, (max-width: 300px) 100vw, 300px" />Die in zwei Phasen organisierten Young Drivers Courses (CJC) richten sich an junge Männer und Frauen, die in der Lage und motiviert sind, die anspruchsvolle Aufgabe der Autofahrer in der Armee zu übernehmen. Nach Bestehen der beiden Phasen der Eignungsprüfung und vorbehaltlich des erfolgreichen Abschlusses der Eignungsprüfung A <span style="text-decoration: underline;">ist für die jungen Teilnehmer gewährleistet, dass sie im Rahmen des Einstellungsverfahrens als Autofahrer eingestellt werden.<br />
</span> </p>
</div>
</div>
<div class="column">
<h3>Erste Phase</h3>
<p>Die erste Phase des Kurses findet zentral in der Kaserne Drognens für die Westschweiz statt. Während dieser 3 Tage absolvieren Sie eine vorbereitende, theoretische und praktische Schulung an Militärfahrzeugen. </p>
<h3>Zweite Phase</h3>
<p><img loading="lazy" decoding="async" class="size-medium wp-image-1951 alignright" src="https://artm-fr.ch/wp-content/uploads/2016/08/wsi-imageoptim-14067520_1667171503603157_5676801357486965364_n-300x200.jpg" alt="14067520_1667171503603157_5676801357486965364_n" width="300" height="200" srcset="https://artm-fr.ch/wp-content/uploads/2016/08/wsi-imageoptim-14067520_1667171503603157_5676801357486965364_n-300x200.jpg 300w, https://artm-fr.ch/wp-content/uploads/2016/08/wsi-imageoptim-14067520_1667171503603157_5676801357486965364_n-768x512.jpg 768w, https://artm-fr.ch/wp-content/uploads/2016/08/wsi-imageoptim-14067520_1667171503603157_5676801357486965364_n-800x533.jpg 800w, https://artm-fr.ch/wp-content/uploads/2016/08/wsi-imageoptim-14067520_1667171503603157_5676801357486965364_n.jpg 960w" sizes="auto, (max-width: 300px) 100vw, 300px" />Die 2. Phase wird durch die Teilnahme an einer ordentlichen Vorführung einer ARTM-Sektion validiert. An diesem Tag können Sie die verschiedenen Aktivitäten unseres Unternehmens entdecken und die Funktion eines Militärfahrers<br />
aus nächster Nähe erleben. In kameradschaftlichem Geiste werdet ihr in der Lage sein, den Führerschein 921 (auf Anfrage) zu machen, der es euch ermöglicht, bereits den Führerschein zum Fahren von Armeeautos zu haben. Wir organisieren auch die Möglichkeit, sich im Fahren und Rangieren von LKWs auf engstem Raum zu versuchen! Veranstaltungen der ARTM Fribourg als zweite Phase: <a href="https://artm-fr.ch/de/kalender/">Programm</a>   </p>
<div class="layoutArea">
<div class="column">
<h2>Teilnehmende</h2>
</div>
</div>
<div class="layoutArea">
<div class="column">
<p>Bedingungen:</p>
<ul>
<li>die schweizerische Staatsangehörigkeit besitzen;</li>
<li>zu Beginn des Kurses 17 Jahre alt sein und die Erlaubnis der Eltern oder des Erziehungsberechtigten haben;</li>
<li>Seien Sie mindestens 160 cm groß.</li>
<li>nicht an einem offensichtlichen Gebrechen leiden, das von vornherein die Diensttauglichkeit oder die Einstellungserfordernisse ausschließt;</li>
<li>wurde keine Lizenz entzogen.</li>
</ul>
</div>
</div>
<h2>Informationen und Anmeldung</h2>
</div>
</div>
<div class="layoutArea">
<div class="column">
<p><a href="https://artm-fr.ch/wp-content/uploads/2016/08/wsi-imageoptim-14039886_1667171446936496_5575456281532064149_n-300x200.jpg"><img loading="lazy" decoding="async" class="alignright wp-image-1948" src="https://artm-fr.ch/wp-content/uploads/2016/08/wsi-imageoptim-14039886_1667171446936496_5575456281532064149_n-300x200.jpg" alt="JC-Kurse" width="367" height="244" srcset="https://artm-fr.ch/wp-content/uploads/2016/08/wsi-imageoptim-14039886_1667171446936496_5575456281532064149_n-300x200.jpg 300w, https://artm-fr.ch/wp-content/uploads/2016/08/wsi-imageoptim-14039886_1667171446936496_5575456281532064149_n-768x512.jpg 768w, https://artm-fr.ch/wp-content/uploads/2016/08/wsi-imageoptim-14039886_1667171446936496_5575456281532064149_n-800x533.jpg 800w, https://artm-fr.ch/wp-content/uploads/2016/08/wsi-imageoptim-14039886_1667171446936496_5575456281532064149_n.jpg 960w" sizes="auto, (max-width: 367px) 100vw, 367px" /></a>Möchten Sie mehr über die &#8222;Young Driver&#8220;-Kurse erfahren oder sich für eine dieser Veranstaltungen anmelden? Haben Sie Fragen? Ich antworte Ihnen gerne, egal ob Sie aus Freiburg kommen oder nicht! Zudem finden Sie auf <a href="https://vsmmv.ch/fr/les-jeunes-chauffeurs/">www.jeunechauffeur.ch</a> weitere Detailinformationen, Kurstermine und den Anmeldestatus für laufende Kurse in anderen kantonalen Sektionen. </p>
<p style="text-align: right;">Pte Emile Décosterd<br />
jeunechauffeur@artm-fr.ch</p>
</div>
</div>
</div>

<p>Organisation Die in zwei Phasen organisierten Young Drivers Courses (CJC) richten sich an junge Männer und Frauen, die in der Lage und motiviert sind, die anspruchsvolle Aufgabe der Autofahrer in der Armee zu übernehmen. Nach Bestehen der beiden Phasen der Eignungsprüfung und vorbehaltlich des erfolgreichen Abschlusses der Eignungsprüfung A ist für die jungen Teilnehmer gewährleistet, [&hellip;]</p>
