{"id":651,"date":"1940-01-01T00:00:42","date_gmt":"1939-12-31T23:00:42","guid":{"rendered":"http:\/\/sh68065.ophelia.kreativmedia.ch\/?page_id=651"},"modified":"2026-03-16T12:33:44","modified_gmt":"2026-03-16T11:33:44","slug":"adressen","status":"publish","type":"page","link":"https:\/\/artm-fr.ch\/de\/adressen\/","title":{"rendered":"Adresse des Vereins"},"content":{"rendered":"\n<p class=\"wp-block-paragraph\"><\/p>\n\n<p class=\"wp-block-paragraph\"><\/p>\n\n<h2 class=\"wp-block-heading has-text-align-center\">Postanschrift<\/h2>\n\n<p class=\"has-text-align-center has-large-font-size wp-block-paragraph\">&#8222;ARTM Fribourg<br \/>1700 Fribourg&#8220;<\/p>\n\n<p class=\"has-text-align-center has-normal-font-size wp-block-paragraph\"><em>Automatische Umleitung.<\/em><\/p>\n\n<h2 class=\"wp-block-heading\">Adressen der Komiteemitglieder<\/h2>\n\n<figure class=\"wp-block-table aligncenter is-style-stripes\"><table class=\"has-fixed-layout\"><tbody><tr><td><strong>Pr\u00e4sident<\/strong><br \/>Oblt C\u00e9dric Martin<br \/><a href=\"mailto:president@artm-fr.ch\"><i class=\"glyphicon glyphicon-envelope\"><\/i> E-Mail<\/a><br \/> <br \/><\/td><td><strong>Vizepr\u00e4sident und Datenschutzbeauftragter<\/strong><br \/>Major David Stulz<strong><br \/><\/strong><a href=\"mailto:vice-president@artm-fr.ch\"><i class=\"glyphicon glyphicon-envelope\"><\/i> E-Mail<\/a><br \/><\/td><\/tr><tr><td><strong>Sekret\u00e4r<\/strong><br \/>Wm Beno\u00eet P\u00e9coud<br \/><a href=\"mailto:secretariat@artm-fr.ch\"><i class=\"glyphicon glyphicon-envelope\"><\/i> E-Mail<\/a><\/td><td><strong>Kassierer<\/strong><br \/>Feldwebel Severin Kabusch<br \/><a href=\"mailto:caisse@artm-fr.ch\"><\/a><a href=\"mailto:jeunes-chauffeurs@artm-fr.ch\"><i class=\"glyphicon glyphicon-envelope\"><\/i> E-Mail<\/a><\/td><\/tr><tr><td><strong>Mitglieder-Manager<br \/><\/strong>Gfr Matthieu Cagli<br \/><a href=\"mailto:membres@artm-fr.ch\"><i class=\"glyphicon glyphicon-envelope\"><\/i> E-Mail<\/a><\/td><td><strong>Reisebus f\u00fcr junge Fahrer<br \/><\/strong>Wm Severin Kabusch<br \/><a href=\"mailto:jeunes-chauffeurs@artm-fr.ch\"><i class=\"glyphicon glyphicon-envelope\"><\/i> E-Mail<\/a><\/td><\/tr><tr><td><strong>Technischer Vorsprung<\/strong><br \/>Oblt Adrien Gabriel<br \/><a href=\"mailto:ct1@artm-fr.ch\"><i class=\"glyphicon glyphicon-envelope\"><\/i> E-Mail<\/a><\/td><td><strong>Stellvertretender Technischer Leiter<br \/><\/strong>WO SOF Fabrice Verdon<br \/><a href=\"mailto:ct2@artm-fr.ch\"><i class=\"glyphicon glyphicon-envelope\"><\/i> E-Mail<\/a><\/td><\/tr><tr><td><strong>Kommunikationsmanager<\/strong><br \/>Gefreiter Cyril Buchs<br \/><a href=\"mailto:communication@artm-fr.ch\" data-type=\"mailto\" data-id=\"mailto:communication@artm-fr.ch\"><i class=\"glyphicon glyphicon-envelope\"><\/i> E-Mail<\/a><\/td><td><\/td><\/tr><\/tbody><\/table><\/figure>\n\n<h2 class=\"wp-block-heading\">Rechtlich<\/h2>\n\n<h3 class=\"wp-block-heading\"><strong>Qualifizierte Vertreter<\/strong><\/h3>\n\n<p class=\"wp-block-paragraph\">&#8222;Der Kantonalausschuss vertritt den Verband gegen\u00fcber Dritten und wird durch die gemeinsame Unterschrift des Pr\u00e4sidenten oder, bei dessen Abwesenheit, des Vizepr\u00e4sidenten und eines anderen Ausschussmitglieds verpflichtet. Art. 16, Abs. 4, <a href=\"https:\/\/artm-fr.ch\/wp-content\/uploads\/2017\/02\/Statuts-2017.pdf\">Statuten der ARTM Fribourg<\/a><\/p>\n\n<h3 class=\"wp-block-heading\"><strong>Verantwortung f\u00fcr Links<\/strong><\/h3>\n\n<p class=\"wp-block-paragraph\">Verweise und Links auf Websites Dritter liegen nicht in unserer Verantwortung. Wir \u00fcbernehmen keine Verantwortung f\u00fcr solche Webseiten. Der Zugang zu und die Nutzung von solchen Webseiten erfolgt auf eigene Gefahr.<\/p>\n\n<h3 class=\"wp-block-heading\"><strong>Urheberrecht<\/strong><\/h3>\n\n<p class=\"wp-block-paragraph\">Das Urheberrecht und alle anderen Rechte in Bezug auf die Inhalte, Bilder, Fotos oder andere Dateien auf der Website sind ausschlie\u00dfliches Eigentum des Vereins oder der Inhaber der ausdr\u00fccklich genannten Rechte. Die Vervielf\u00e4ltigung jeglichen Materials unterliegt der vorherigen schriftlichen Zustimmung der Urheberrechtsinhaber.<\/p>\n\n<h3 class=\"wp-block-heading\"><strong>Datenschutz<\/strong><\/h3>\n\n<p class=\"wp-block-paragraph\">Gem\u00e4ss Artikel 13 der Schweizerischen Bundesverfassung und den datenschutzrechtlichen Bestimmungen des Bundes (Bundesgesetz \u00fcber den Datenschutz, DSG) hat jede Person Anspruch auf Schutz ihrer Privatsph\u00e4re und auf Schutz vor Missbrauch ihrer pers\u00f6nlichen Daten. Wir respektieren diese Bestimmungen. Pers\u00f6nliche Daten werden streng vertraulich behandelt und nicht an Dritte verkauft oder weitergegeben.<br \/> In enger Zusammenarbeit mit unserem Hosting-Provider tun wir unser Bestes, um die Datenbanken vor dem Zugriff Dritter, vor Verlust, Missbrauch oder Verf\u00e4lschung zu sch\u00fctzen.<br \/> Beim Zugriff auf unsere Webseiten werden folgende Daten in Logfiles gespeichert: IP-Adresse, Datum, Uhrzeit, Browser-Anfrage und allgemeine Informationen \u00fcber das Betriebssystem oder den Browser. Diese Nutzungsdaten bilden die Grundlage f\u00fcr anonyme statistische Auswertungen, aus denen sich Trends ablesen lassen, die es uns erm\u00f6glichen, die Anzahl der Besucher der Website zu analysieren. Bei Fragen wenden Sie sich bitte an unseren <em><a href=\"mailto:membres@artm-fr.ch\">Datenschutzbeauftragten<\/a><\/em>.<\/p>\n\n<h3 class=\"wp-block-heading\"><strong>Datenschutzerkl\u00e4rung f\u00fcr die Nutzung von Diensten Dritter<\/strong><\/h3>\n\n<p class=\"wp-block-paragraph\">Die Seiten unserer Website verwenden keine anderen Tracker (Cookies) als den Gravatar-Dienst von WordPress. Die Links zu Facebook und Google +1 \u00fcbermitteln keine Informationen \u00fcber Ihren Besuch auf unserer Website an die betreffenden Unternehmen.<\/p>\n\n<h3 class=\"wp-block-heading\"><strong>Quelle<\/strong><\/h3>\n\n<p class=\"wp-block-paragraph\">Dieses Impressum wurde mit dem Impressum-Generator <a href=\"http:\/\/www.bag.ch\/impressum-generator\" target=\"_blank\" rel=\"noreferrer noopener\">http:\/\/www.bag.ch\/impressum-generator<\/a> der Brunner AG, Druck und Medien, Kriens erstellt. Brunner AG, Druck und Medien, Kriens, lehnt jede Haftung ab.<\/p>\n","protected":false},"excerpt":{"rendered":"<p>Postanschrift &#8222;ARTM Fribourg1700 Fribourg&#8220; Automatische Umleitung. Adressen der Komiteemitglieder Pr\u00e4sidentOblt C\u00e9dric Martin E-Mail Vizepr\u00e4sident und DatenschutzbeauftragterMajor David Stulz E-Mail Sekret\u00e4rWm Beno\u00eet P\u00e9coud E-Mail KassiererFeldwebel Severin Kabusch E-Mail Mitglieder-ManagerGfr Matthieu Cagli E-Mail Reisebus f\u00fcr junge FahrerWm Severin Kabusch E-Mail Technischer VorsprungOblt Adrien Gabriel E-Mail Stellvertretender Technischer LeiterWO SOF Fabrice Verdon E-Mail KommunikationsmanagerGefreiter Cyril Buchs E-Mail Rechtlich [&hellip;]<\/p>\n","protected":false},"author":2,"featured_media":202,"parent":0,"menu_order":0,"comment_status":"closed","ping_status":"closed","template":"","meta":{"footnotes":""},"class_list":["post-651","page","type-page","status-publish","has-post-thumbnail","hentry"],"_links":{"self":[{"href":"https:\/\/artm-fr.ch\/de\/wp-json\/wp\/v2\/pages\/651","targetHints":{"allow":["GET"]}}],"collection":[{"href":"https:\/\/artm-fr.ch\/de\/wp-json\/wp\/v2\/pages"}],"about":[{"href":"https:\/\/artm-fr.ch\/de\/wp-json\/wp\/v2\/types\/page"}],"author":[{"embeddable":true,"href":"https:\/\/artm-fr.ch\/de\/wp-json\/wp\/v2\/users\/2"}],"replies":[{"embeddable":true,"href":"https:\/\/artm-fr.ch\/de\/wp-json\/wp\/v2\/comments?post=651"}],"version-history":[{"count":57,"href":"https:\/\/artm-fr.ch\/de\/wp-json\/wp\/v2\/pages\/651\/revisions"}],"predecessor-version":[{"id":19427,"href":"https:\/\/artm-fr.ch\/de\/wp-json\/wp\/v2\/pages\/651\/revisions\/19427"}],"wp:featuredmedia":[{"embeddable":true,"href":"https:\/\/artm-fr.ch\/de\/wp-json\/wp\/v2\/media\/202"}],"wp:attachment":[{"href":"https:\/\/artm-fr.ch\/de\/wp-json\/wp\/v2\/media?parent=651"}],"curies":[{"name":"wp","href":"https:\/\/api.w.org\/{rel}","templated":true}]}}

<p class="wp-block-paragraph"></p>

<p class="wp-block-paragraph"></p>

<h2 class="wp-block-heading has-text-align-center">Postanschrift</h2>

<p class="has-text-align-center has-large-font-size wp-block-paragraph">&#8222;ARTM Fribourg<br />1700 Fribourg&#8220;</p>

<p class="has-text-align-center has-normal-font-size wp-block-paragraph"><em>Automatische Umleitung.</em></p>

<h2 class="wp-block-heading">Adressen der Komiteemitglieder</h2>

<figure class="wp-block-table aligncenter is-style-stripes"><table class="has-fixed-layout"><tbody><tr><td><strong>Präsident</strong><br />Oblt Cédric Martin<br /><a href="mailto:president@artm-fr.ch"><i class="glyphicon glyphicon-envelope"></i> E-Mail</a><br /> <br /></td><td><strong>Vizepräsident und Datenschutzbeauftragter</strong><br />Major David Stulz<strong><br /></strong><a href="mailto:vice-president@artm-fr.ch"><i class="glyphicon glyphicon-envelope"></i> E-Mail</a><br /></td></tr><tr><td><strong>Sekretär</strong><br />Wm Benoît Pécoud<br /><a href="mailto:secretariat@artm-fr.ch"><i class="glyphicon glyphicon-envelope"></i> E-Mail</a></td><td><strong>Kassierer</strong><br />Feldwebel Severin Kabusch<br /><a href="mailto:caisse@artm-fr.ch"></a><a href="mailto:jeunes-chauffeurs@artm-fr.ch"><i class="glyphicon glyphicon-envelope"></i> E-Mail</a></td></tr><tr><td><strong>Mitglieder-Manager<br /></strong>Gfr Matthieu Cagli<br /><a href="mailto:membres@artm-fr.ch"><i class="glyphicon glyphicon-envelope"></i> E-Mail</a></td><td><strong>Reisebus für junge Fahrer<br /></strong>Wm Severin Kabusch<br /><a href="mailto:jeunes-chauffeurs@artm-fr.ch"><i class="glyphicon glyphicon-envelope"></i> E-Mail</a></td></tr><tr><td><strong>Technischer Vorsprung</strong><br />Oblt Adrien Gabriel<br /><a href="mailto:ct1@artm-fr.ch"><i class="glyphicon glyphicon-envelope"></i> E-Mail</a></td><td><strong>Stellvertretender Technischer Leiter<br /></strong>WO SOF Fabrice Verdon<br /><a href="mailto:ct2@artm-fr.ch"><i class="glyphicon glyphicon-envelope"></i> E-Mail</a></td></tr><tr><td><strong>Kommunikationsmanager</strong><br />Gefreiter Cyril Buchs<br /><a href="mailto:communication@artm-fr.ch" data-type="mailto" data-id="mailto:communication@artm-fr.ch"><i class="glyphicon glyphicon-envelope"></i> E-Mail</a></td><td></td></tr></tbody></table></figure>

<h2 class="wp-block-heading">Rechtlich</h2>

<h3 class="wp-block-heading"><strong>Qualifizierte Vertreter</strong></h3>

<p class="wp-block-paragraph">&#8222;Der Kantonalausschuss vertritt den Verband gegenüber Dritten und wird durch die gemeinsame Unterschrift des Präsidenten oder, bei dessen Abwesenheit, des Vizepräsidenten und eines anderen Ausschussmitglieds verpflichtet. Art. 16, Abs. 4, <a href="https://artm-fr.ch/wp-content/uploads/2017/02/Statuts-2017.pdf">Statuten der ARTM Fribourg</a></p>

<h3 class="wp-block-heading"><strong>Verantwortung für Links</strong></h3>

<p class="wp-block-paragraph">Verweise und Links auf Websites Dritter liegen nicht in unserer Verantwortung. Wir übernehmen keine Verantwortung für solche Webseiten. Der Zugang zu und die Nutzung von solchen Webseiten erfolgt auf eigene Gefahr.</p>

<h3 class="wp-block-heading"><strong>Urheberrecht</strong></h3>

<p class="wp-block-paragraph">Das Urheberrecht und alle anderen Rechte in Bezug auf die Inhalte, Bilder, Fotos oder andere Dateien auf der Website sind ausschließliches Eigentum des Vereins oder der Inhaber der ausdrücklich genannten Rechte. Die Vervielfältigung jeglichen Materials unterliegt der vorherigen schriftlichen Zustimmung der Urheberrechtsinhaber.</p>

<h3 class="wp-block-heading"><strong>Datenschutz</strong></h3>

<p class="wp-block-paragraph">Gemäss Artikel 13 der Schweizerischen Bundesverfassung und den datenschutzrechtlichen Bestimmungen des Bundes (Bundesgesetz über den Datenschutz, DSG) hat jede Person Anspruch auf Schutz ihrer Privatsphäre und auf Schutz vor Missbrauch ihrer persönlichen Daten. Wir respektieren diese Bestimmungen. Persönliche Daten werden streng vertraulich behandelt und nicht an Dritte verkauft oder weitergegeben.<br /> In enger Zusammenarbeit mit unserem Hosting-Provider tun wir unser Bestes, um die Datenbanken vor dem Zugriff Dritter, vor Verlust, Missbrauch oder Verfälschung zu schützen.<br /> Beim Zugriff auf unsere Webseiten werden folgende Daten in Logfiles gespeichert: IP-Adresse, Datum, Uhrzeit, Browser-Anfrage und allgemeine Informationen über das Betriebssystem oder den Browser. Diese Nutzungsdaten bilden die Grundlage für anonyme statistische Auswertungen, aus denen sich Trends ablesen lassen, die es uns ermöglichen, die Anzahl der Besucher der Website zu analysieren. Bei Fragen wenden Sie sich bitte an unseren <em><a href="mailto:membres@artm-fr.ch">Datenschutzbeauftragten</a></em>.</p>

<h3 class="wp-block-heading"><strong>Datenschutzerklärung für die Nutzung von Diensten Dritter</strong></h3>

<p class="wp-block-paragraph">Die Seiten unserer Website verwenden keine anderen Tracker (Cookies) als den Gravatar-Dienst von WordPress. Die Links zu Facebook und Google +1 übermitteln keine Informationen über Ihren Besuch auf unserer Website an die betreffenden Unternehmen.</p>

<h3 class="wp-block-heading"><strong>Quelle</strong></h3>

<p class="wp-block-paragraph">Dieses Impressum wurde mit dem Impressum-Generator <a href="http://www.bag.ch/impressum-generator" target="_blank" rel="noreferrer noopener">http://www.bag.ch/impressum-generator</a> der Brunner AG, Druck und Medien, Kriens erstellt. Brunner AG, Druck und Medien, Kriens, lehnt jede Haftung ab.</p>

<p>Postanschrift &#8222;ARTM Fribourg1700 Fribourg&#8220; Automatische Umleitung. Adressen der Komiteemitglieder PräsidentOblt Cédric Martin E-Mail Vizepräsident und DatenschutzbeauftragterMajor David Stulz E-Mail SekretärWm Benoît Pécoud E-Mail KassiererFeldwebel Severin Kabusch E-Mail Mitglieder-ManagerGfr Matthieu Cagli E-Mail Reisebus für junge FahrerWm Severin Kabusch E-Mail Technischer VorsprungOblt Adrien Gabriel E-Mail Stellvertretender Technischer LeiterWO SOF Fabrice Verdon E-Mail KommunikationsmanagerGefreiter Cyril Buchs E-Mail Rechtlich [&hellip;]</p>
